ided by 86?
78
Calculate the remainder when 171420 is divided by 113.
112
Calculate the remainder when 1778 is divided by 426.
74
Calculate the remainder when 2029293 is divided by 402.
399
What is the remainder when 28132 is divided by 9376?
4
What is the remainder when 1053919 is divided by 293?
291
What is the remainder when 112097 is divided by 157?
156
What is the remainder when 19319 is divided by 105?
104
What is the remainder when 5393 is divided by 271?
244
Calculate the remainder when 1088 is divided by 1079.
9
What is the remainder when 37150 is divided by 203?
1
What is the remainder when 1777271 is divided by 213?
212
Calculate the remainder when 49755 is divided by 3820.
95
Calculate the remainder when 5444 is divided by 1811.
11
What is the remainder when 352834 is divided by 352830?
4
Calculate the remainder when 346044 is divided by 741.
738
What is the remainder when 17905 is divided by 1624?
41
Calculate the remainder when 9225 is divided by 513.
504
What is the remainder when 91269 is divided by 13037?
10
Calculate the remainder when 301559 is divided by 35.
34
Calculate the remainder when 1352 is divided by 62.
50
What is the remainder when 31421 is divided by 10470?
11
What is the remainder when 3635 is divided by 317?
148
Calculate the remainder when 154903 is divided by 26.
21
What is the remainder when 283739 is divided by 150?
89
What is the remainder when 40493 is divided by 319?
299
Calculate the remainder when 107080 is divided by 35691.
7
Calculate the remainder when 18670 is divided by 111.
22
What is the remainder when 16765 is divided by 390?
385
Calculate the remainder when 85405 is divided by 36.
13
Calculate the remainder when 597802 is divided by 1874.
1870
What is the remainder when 6085 is divided by 1217?
0
What is the remainder when 1461 is divided by 128?
53
Calculate the remainder when 2377 is divided by 472.
17
What is the remainder when 7588 is divided by 29?
19
What is the remainder when 6450 is divided by 189?
24
Calculate the remainder when 8679 is divided by 758.
341
Calculate the remainder when 19447 is divided by 1294.
37
What is the remainder when 145632 is divided by 13239?
3
What is the remainder when 3197 is divided by 2757?
440
What is the remainder when 226778 is divided by 82?
48
What is the remainder when 91936 is divided by 42?
40
Calculate the remainder when 47261 is divided by 268.
93
Calculate the remainder when 523 is divided by 225.
73
What is the remainder when 2634 is divided by 141?
96
What is the remainder when 267116 is divided by 2137?
2128
Calculate the remainder when 2942 is divided by 955.
77
Calculate the remainder when 2536049 is divided by 825.
824
Calculate the remainder when 36647 is divided by 98.
93
What is the remainder when 71471 is divided by 52?
23
Calculate the remainder when 20183 is divided by 519.
461
Calculate the remainder when 5594 is divided by 127.
6
What is the remainder when 460499 is divided by 4039?
53
Calculate the remainder when 257237 is divided by 37.
13
Calculate the remainder when 121889 is divided by 1626.
1565
What is the remainder when 2383 is divided by 1181?
21
Calculate the remainder when 72343 is divided by 153.
127
Calculate the remainder when 34091 is divided by 164.
143
Calculate the remainder when 4747 is divided by 1092.
379
What is the remainder when 1557477 is divided by 37?
36
What is the remainder when 2773 is divided by 900?
73
What is the remainder when 2685 is divided by 332?
29
Calculate the remainder when 28684 is divided by 30.
4
Calculate the remainder when 828 is divided by 7.
2
What is the remainder when 7674 is divided by 187?
7
Calculate the remainder when 33303 is divided by 19.
15
What is the remainder when 381 is divided by 236?
145
What is the remainder when 21008 is divided by 157?
127
Calculate the remainder when 1035 is divided by 113.
18
Calculate the remainder when 2597 is divided by 146.
115
What is the remainder when 28607 is divided by 42?
5
Calculate the remainder when 6267 is divided by 42.
9
What is the remainder when 264709 is divided by 52?
29
Calculate the remainder when 31636 is divided by 159.
154
Calculate the remainder when 1287 is divided by 184.
183
What is the remainder when 1695 is divided by 847?
1
Calculate the remainder when 230565 is divided by 86.
85
Calculate the remainder when 36787 is divided by 681.
13
What is the remainder when 1589 is divided by 70?
49
What is the remainder when 12037 is divided by 364?
25
What is the remainder when 4847 is divided by 1944?
959
Calculate the remainder when 45975 is divided by 4178.
17
What is the remainder when 162220 is divided by 309?
304
What is the remainder when 74036 is divided by 4934?
26
What is the remainder when 2344 is divided by 121?
45
Calculate the remainder when 8293 is divided by 251.
10
Calculate the remainder when 6439 is divided by 5531.
908
What is the remainder when 26102 is divided by 373?
365
What is the remainder when 16959 is divided by 117?
111
What is the remainder when 8520 is divided by 940?
60
Calculate the remainder when 22468 is divided by 57.
10
What is the remainder when 9099 is divided by 1930?
1379
What is the remainder when 721873 is divided by 144373?
8
What is the remainder when 13633 is divided by 492?
349
Calculate the remainder when 1028309 is divided by 755.
754
Calculate the remainder when 103691 is divided by 25919.
15
Calculate the remainder when 1060 is divided by 41.
35
What is the remainder when 7167 is divided by 67?
65
Calculate the remainder when 26845 is divided by 6696.
61
Calculate the remainder when 4975 is divided by 91.
61
What is the remainder when 1718172 is divided by 572724?
0
What is the remainder when 12710 is divided by 2414?
640
Calculate the remainder when 26517 is divided by 493.
388
What is the remainder when 3088 is divided by 342?
10
Calculate the remainder when 7094 is divided by 1650.
494
What is the remainder when 79 is divided by 76?
3
What is the remainder when 100257 is divided by 1412?
5
What is the remainder when 5085 is divided by 45?
0
What is the remainder when 1917 is divided by 484?
465
What is the remainder when 7730 is divided by 121?
107
What is the remainder when 21966 is divided by 96?
78
What is the remainder when 205650 is divided by 49?
46
What is the remainder when 61611 is divided by 5597?
44
What is the remainder when 2849 is divided by 474?
5
What is the remainder when 39380 is divided by 9839?
24
Calculate the remainder when 26405 is divided by 38.
33
What is the remainder when 688345 is divided by 2710?
5
Calculate the remainder when 17697 is divided by 235.
72
What is the remainder when 613 is divided by 7?
4
What is the remainder when 40865 is divided by 10214?
9
Calculate the remainder when 2860 is divided by 529.
215
What is the remainder when 29308 is divided by 198?
4
Calculate the remainder when 8234 is divided by 201.
194
What is the remainder when 445 is divided by 205?
35
What is the remainder when 33018 is divided by 4694?
160
What is the remainder when 1652 is divided by 353?
240
Calculate the remainder when 83037 is divided by 2188.
2081
What is the remainder when 3004 is divided by 1481?
42
What is the remainder when 556222 is divided by 29?
2
What is the remainder when 4720931 is divided by 213?
212
Calculate the remainder when 8903 is divided by 387.
2
What is the remainder when 20086 is divided by 6616?
238
What is the remainder when 7759 is divided by 22?
15
Calculate the remainder when 7821407 is divided by 1582.
1581
Calculate the remainder when 2983 is divided by 385.
288
What is the remainder when 2139 is divided by 445?
359
What is the remainder when 2891 is divided by 2644?
247
Calculate the remainder when 105 is divided by 4.
1
What is the remainder when 59201 is divided by 2114?
9
What is the remainder when 732 is divided by 371?
361
What is the remainder when 70069 is divided by 365?
354
What is the remainder when 333648 is divided by 109?
108
What is the remainder when 612402 is divided by 155?
152
Calculate the remainder when 3884 is divided by 3038.
846
Calculate the remainder when 12451 is divided by 12350.
101
What is the remainder when 61869 is divided by 7?
3
What is the remainder when 613630 is divided by 40?
